tor of 813159 and 81.
81
What is the greatest common factor of 3640 and 4900?
140
What is the greatest common divisor of 3630 and 13035?
165
What is the highest common factor of 1428 and 14484?
204
Calculate the greatest common divisor of 27589 and 2935.
587
What is the greatest common divisor of 21165 and 425?
85
Calculate the greatest common divisor of 25036 and 1936.
44
What is the highest common factor of 88600 and 1800?
200
Calculate the greatest common divisor of 20 and 85760.
20
What is the greatest common divisor of 147 and 42875?
49
Calculate the greatest common factor of 13 and 23777.
13
What is the greatest common factor of 50948 and 32900?
188
What is the greatest common factor of 16824 and 1944?
24
Calculate the greatest common divisor of 350286 and 20382.
474
What is the highest common divisor of 171071 and 306?
17
What is the greatest common divisor of 1357764 and 24?
12
Calculate the greatest common factor of 4096 and 57600.
256
Calculate the highest common divisor of 447 and 303.
3
What is the highest common divisor of 586 and 229419?
293
What is the greatest common factor of 54432 and 21?
21
Calculate the highest common divisor of 3454 and 1.
1
Calculate the greatest common factor of 84612 and 99.
33
What is the highest common factor of 36 and 2245284?
36
Calculate the highest common divisor of 4082 and 8814.
26
Calculate the greatest common factor of 339 and 67687.
113
What is the greatest common divisor of 71732 and 395?
79
What is the highest common divisor of 30348 and 9?
9
Calculate the greatest common factor of 166500 and 2580.
60
Calculate the greatest common factor of 79267 and 124.
31
What is the highest common divisor of 99696 and 25854?
186
What is the highest common factor of 3392037 and 3102?
1551
What is the greatest common divisor of 114450 and 28?
14
Calculate the highest common factor of 2100 and 4550.
350
Calculate the highest common factor of 767772 and 60.
12
What is the greatest common factor of 84955 and 1755?
65
Calculate the greatest common factor of 30 and 248415.
15
What is the greatest common factor of 48 and 1966632?
24
What is the highest common factor of 2147 and 19?
19
Calculate the highest common divisor of 10070 and 41870.
530
What is the greatest common divisor of 1048 and 786?
262
Calculate the highest common factor of 3 and 531393.
3
What is the greatest common factor of 698537 and 511?
511
What is the highest common factor of 64912 and 16?
16
Calculate the highest common factor of 31590 and 9.
9
What is the highest common divisor of 12 and 187551?
3
Calculate the greatest common factor of 267848 and 56.
56
What is the highest common divisor of 34680 and 1320?
120
Calculate the greatest common factor of 1114 and 394913.
557
Calculate the greatest common divisor of 371442 and 558.
186
Calculate the highest common factor of 5266 and 9734201.
2633
Calculate the greatest common divisor of 27092 and 130.
26
Calculate the highest common divisor of 140371 and 77.
77
What is the highest common divisor of 813866 and 4122?
458
Calculate the greatest common divisor of 99000 and 4320.
360
Calculate the greatest common divisor of 582 and 5271756.
582
Calculate the highest common factor of 924 and 272712.
132
What is the highest common factor of 10 and 112415?
5
Calculate the greatest common factor of 21000 and 1512.
168
Calculate the greatest common divisor of 10083 and 81.
3
What is the highest common factor of 1875 and 1001625?
375
Calculate the greatest common factor of 621104 and 308.
44
Calculate the highest common factor of 402 and 187131.
201
Calculate the greatest common divisor of 583 and 149407.
53
Calculate the greatest common divisor of 1320 and 6666.
66
Calculate the greatest common divisor of 60156 and 144.
36
Calculate the highest common factor of 533 and 403.
13
What is the greatest common divisor of 680 and 34170?
170
Calculate the greatest common factor of 130641 and 84.
21
What is the highest common factor of 460 and 2180?
20
Calculate the greatest common divisor of 466174 and 170.
34
Calculate the highest common factor of 132398 and 3773.
343
What is the greatest common divisor of 165 and 130035?
15
What is the highest common divisor of 1048 and 1344584?
1048
Calculate the highest common factor of 210 and 1715070.
210
Calculate the highest common divisor of 2109 and 7659.
111
What is the highest common factor of 9676 and 5084?
164
What is the greatest common factor of 11560 and 376?
8
Calculate the greatest common divisor of 1414 and 512878.
202
Calculate the greatest common factor of 60 and 4533680.
20
Calculate the highest common factor of 30872 and 1360.
136
What is the greatest common divisor of 1371588 and 96?
12
What is the highest common divisor of 24587 and 84451?
1069
Calculate the highest common divisor of 11046 and 438.
6
What is the greatest common divisor of 23926 and 28?
14
What is the highest common divisor of 19 and 93955?
19
What is the highest common divisor of 320 and 3060640?
160
Calculate the highest common divisor of 27 and 4390857.
9
Calculate the highest common factor of 12319 and 20467.
97
What is the highest common factor of 5520372 and 13?
13
Calculate the highest common factor of 2173 and 18286.
41
Calculate the highest common divisor of 5677 and 6671.
7
What is the greatest common divisor of 112 and 39403?
7
What is the greatest common factor of 40 and 5114360?
40
What is the greatest common factor of 120009 and 22754?
367
Calculate the highest common factor of 599928 and 42.
42
Calculate the highest common divisor of 13 and 37466.
13
Calculate the greatest common divisor of 6405 and 1875.
15
What is the greatest common factor of 874 and 13414?
38
What is the greatest common divisor of 804 and 482668?
268
Calculate the highest common factor of 178 and 556.
2
Calculate the greatest common divisor of 405340 and 52.
52
Calculate the highest common divisor of 80 and 182752.
16
What is the greatest common divisor of 759 and 42251?
253
Calculate the highest common factor of 1288 and 5957.
161
Calculate the greatest common divisor of 575 and 9315.
115
Calculate the highest common factor of 127 and 14351.
127
What is the greatest common divisor of 32130 and 162?
54
Calculate the highest common divisor of 35 and 629055.
35
What is the highest common factor of 1558 and 1767?
19
What is the highest common factor of 4086619 and 347?
347
What is the highest common divisor of 132598 and 4367?
397
Calculate the highest common divisor of 220 and 142406.
22
Calculate the greatest common factor of 46 and 151846.
46
What is the highest common factor of 2636736 and 480?
96
Calculate the greatest common factor of 1176 and 5586.
294
What is the highest common divisor of 4932 and 627597?
1233
What is the greatest common factor of 40362 and 14973?
651
What is the highest common divisor of 45413 and 1?
1
Calculate the greatest common divisor of 11128 and 2249.
13
Calculate the greatest common divisor of 10724 and 20.
4
Calculate the greatest common factor of 288 and 776656.
16
Calculate the greatest common divisor of 1092 and 73710.
546
What is the highest common divisor of 4 and 166368?
4
Calculate the greatest common divisor of 3143 and 16613.
449
Calculate the highest common divisor of 336 and 61176.
24
Calculate the highest common divisor of 515935 and 49.
7
What is the greatest common divisor of 57 and 29811?
57
Calculate the highest common factor of 125 and 712050.
25
Calculate the highest common divisor of 15 and 126645.
15
Calculate the greatest common factor of 348864 and 2760.
552
Calculate the highest common divisor of 13 and 234403.
13
What is the highest common factor of 3736635 and 38?
19
Calculate the greatest common divisor of 141 and 159471.
141
What is the highest common factor of 2968 and 9576?
56
What is the highest common divisor of 3366 and 53958?
102
What is the highest common divisor of 40 and 3831220?
20
What is the highest common factor of 24 and 177552?
24
What is the highest common factor of 5512 and 5832?
8
Calculate the greatest common factor of 4403 and 7837.
17
Calculate the greatest common factor of 35182 and 3231.
359
What is the greatest common factor of 2125 and 14110?
85
Calculate the greatest common divisor of 1147087 and 38.
19
Calculat